{"id":13,"date":"2026-01-26T13:45:38","date_gmt":"2026-01-26T12:45:38","guid":{"rendered":"https:\/\/gruene-hinterland.de\/?page_id=13"},"modified":"2026-02-06T17:17:28","modified_gmt":"2026-02-06T16:17:28","slug":"kontakt","status":"publish","type":"page","link":"https:\/\/gruene-hinterland.de\/?page_id=13","title":{"rendered":"Kontakt"},"content":{"rendered":"<div id=\"pl-13\"  class=\"panel-layout\" ><div id=\"pg-13-0\"  class=\"panel-grid panel-no-style\" ><div id=\"pgc-13-0-0\"  class=\"panel-grid-cell\" ><div id=\"panel-13-0-0-0\" class=\"so-panel widget widget_sow-editor panel-first-child\" data-index=\"0\" ><div\n\t\t\t\n\t\t\tclass=\"so-widget-sow-editor so-widget-sow-editor-base\"\n\t\t\t\n\t\t>\n<div class=\"siteorigin-widget-tinymce textwidget\">\n\t<p><strong>Kontakt zu den Gr\u00fcnen im Hinterland<\/strong><\/p>\n<p><a href=\"#\" data-unscramble=\"ed.dnalretnih-eneurg@ofni\">E-Mail an Gr\u00fcne Hinterland<\/a><\/p>\n<\/div>\n<\/div><\/div><div id=\"panel-13-0-0-1\" class=\"so-panel widget widget_sow-editor panel-last-child\" data-index=\"1\" ><div\n\t\t\t\n\t\t\tclass=\"so-widget-sow-editor so-widget-sow-editor-base\"\n\t\t\t\n\t\t>\n<div class=\"siteorigin-widget-tinymce textwidget\">\n\t<p>&nbsp;<\/p>\n<p>&nbsp;<\/p>\n<p><strong>B\u00fcndnis 90 \/ Die Gr\u00fcnen<\/strong><br \/>\n<strong>Kreisverband Marburg-Biedenkopf<\/strong><br \/>\nFrankfurter Str. 46<br \/>\n35037 Marburg<\/p>\n<p>Tel. 06421-22606<\/p>\n<p><a href=\"#\" data-unscramble=\"ed.grubram-eneurg@dnabrevsierk\">E-Mail an Kreisverband<\/a><\/p>\n<\/div>\n<\/div><\/div><\/div><div id=\"pgc-13-0-1\"  class=\"panel-grid-cell\" ><div id=\"panel-13-0-1-0\" class=\"so-panel widget widget_sow-image panel-first-child panel-last-child\" data-index=\"2\" ><div\n\t\t\t\n\t\t\tclass=\"so-widget-sow-image so-widget-sow-image-default-8b5b6f678277-13\"\n\t\t\t\n\t\t>\n<div class=\"sow-image-container\">\n\t\t<img \n\tsrc=\"https:\/\/gruene-hinterland.de\/wp-content\/uploads\/2026\/02\/Gruenwaehlen.jpg\" width=\"1800\" height=\"1200\" srcset=\"https:\/\/gruene-hinterland.de\/wp-content\/uploads\/2026\/02\/Gruenwaehlen.jpg 1800w, https:\/\/gruene-hinterland.de\/wp-content\/uploads\/2026\/02\/Gruenwaehlen-300x200.jpg 300w, https:\/\/gruene-hinterland.de\/wp-content\/uploads\/2026\/02\/Gruenwaehlen-1024x683.jpg 1024w, https:\/\/gruene-hinterland.de\/wp-content\/uploads\/2026\/02\/Gruenwaehlen-768x512.jpg 768w, https:\/\/gruene-hinterland.de\/wp-content\/uploads\/2026\/02\/Gruenwaehlen-1536x1024.jpg 1536w, https:\/\/gruene-hinterland.de\/wp-content\/uploads\/2026\/02\/Gruenwaehlen-272x182.jpg 272w\" sizes=\"(max-width: 1800px) 100vw, 1800px\" title=\"Gr\u00fcnw\u00e4hlen\" alt=\"\" \t\tclass=\"so-widget-image\"\/>\n\t<\/div>\n\n<\/div><\/div><\/div><\/div><div id=\"pg-13-1\"  class=\"panel-grid panel-no-style\" ><div id=\"pgc-13-1-0\"  class=\"panel-grid-cell panel-grid-cell-empty\" ><\/div><\/div><\/div>","protected":false},"excerpt":{"rendered":"<p>Kontakt zu den Gr\u00fcnen im Hinterland E-Mail an Gr\u00fcne Hinterland &nbsp; &nbsp; B\u00fcndnis 90 \/ Die Gr\u00fcnen Kreisverband Marburg-Biedenkopf Frankfurter Str. 46 35037 Marburg Tel. 06421-22606 E-Mail an Kreisverband<\/p>\n","protected":false},"author":1,"featured_media":0,"parent":0,"menu_order":0,"comment_status":"closed","ping_status":"closed","template":"","meta":{"footnotes":""},"class_list":["post-13","page","type-page","status-publish","hentry"],"_links":{"self":[{"href":"https:\/\/gruene-hinterland.de\/index.php?rest_route=\/wp\/v2\/pages\/13","targetHints":{"allow":["GET"]}}],"collection":[{"href":"https:\/\/gruene-hinterland.de\/index.php?rest_route=\/wp\/v2\/pages"}],"about":[{"href":"https:\/\/gruene-hinterland.de\/index.php?rest_route=\/wp\/v2\/types\/page"}],"author":[{"embeddable":true,"href":"https:\/\/gruene-hinterland.de\/index.php?rest_route=\/wp\/v2\/users\/1"}],"replies":[{"embeddable":true,"href":"https:\/\/gruene-hinterland.de\/index.php?rest_route=%2Fwp%2Fv2%2Fcomments&post=13"}],"version-history":[{"count":10,"href":"https:\/\/gruene-hinterland.de\/index.php?rest_route=\/wp\/v2\/pages\/13\/revisions"}],"predecessor-version":[{"id":120,"href":"https:\/\/gruene-hinterland.de\/index.php?rest_route=\/wp\/v2\/pages\/13\/revisions\/120"}],"wp:attachment":[{"href":"https:\/\/gruene-hinterland.de\/index.php?rest_route=%2Fwp%2Fv2%2Fmedia&parent=13"}],"curies":[{"name":"wp","href":"https:\/\/api.w.org\/{rel}","templated":true}]}}

<div id="pl-13"  class="panel-layout" ><div id="pg-13-0"  class="panel-grid panel-no-style" ><div id="pgc-13-0-0"  class="panel-grid-cell" ><div id="panel-13-0-0-0" class="so-panel widget widget_sow-editor panel-first-child" data-index="0" ><div
			
			class="so-widget-sow-editor so-widget-sow-editor-base"
			
		>
<div class="siteorigin-widget-tinymce textwidget">
	<p><strong>Kontakt zu den Grünen im Hinterland</strong></p>
<p><a href="#" data-unscramble="ed.dnalretnih-eneurg@ofni">E-Mail an Grüne Hinterland</a></p>
</div>
</div></div><div id="panel-13-0-0-1" class="so-panel widget widget_sow-editor panel-last-child" data-index="1" ><div
			
			class="so-widget-sow-editor so-widget-sow-editor-base"
			
		>
<div class="siteorigin-widget-tinymce textwidget">
	<p>&nbsp;</p>
<p>&nbsp;</p>
<p><strong>Bündnis 90 / Die Grünen</strong><br />
<strong>Kreisverband Marburg-Biedenkopf</strong><br />
Frankfurter Str. 46<br />
35037 Marburg</p>
<p>Tel. 06421-22606</p>
<p><a href="#" data-unscramble="ed.grubram-eneurg@dnabrevsierk">E-Mail an Kreisverband</a></p>
</div>
</div></div></div><div id="pgc-13-0-1"  class="panel-grid-cell" ><div id="panel-13-0-1-0" class="so-panel widget widget_sow-image panel-first-child panel-last-child" data-index="2" ><div
			
			class="so-widget-sow-image so-widget-sow-image-default-8b5b6f678277-13"
			
		>
<div class="sow-image-container">
		<img 
	src="https://gruene-hinterland.de/wp-content/uploads/2026/02/Gruenwaehlen.jpg" width="1800" height="1200" srcset="https://gruene-hinterland.de/wp-content/uploads/2026/02/Gruenwaehlen.jpg 1800w, https://gruene-hinterland.de/wp-content/uploads/2026/02/Gruenwaehlen-300x200.jpg 300w, https://gruene-hinterland.de/wp-content/uploads/2026/02/Gruenwaehlen-1024x683.jpg 1024w, https://gruene-hinterland.de/wp-content/uploads/2026/02/Gruenwaehlen-768x512.jpg 768w, https://gruene-hinterland.de/wp-content/uploads/2026/02/Gruenwaehlen-1536x1024.jpg 1536w, https://gruene-hinterland.de/wp-content/uploads/2026/02/Gruenwaehlen-272x182.jpg 272w" sizes="(max-width: 1800px) 100vw, 1800px" title="Grünwählen" alt="" 		class="so-widget-image"/>
	</div>

</div></div></div></div><div id="pg-13-1"  class="panel-grid panel-no-style" ><div id="pgc-13-1-0"  class="panel-grid-cell panel-grid-cell-empty" ></div></div></div>

<p>Kontakt zu den Grünen im Hinterland E-Mail an Grüne Hinterland &nbsp; &nbsp; Bündnis 90 / Die Grünen Kreisverband Marburg-Biedenkopf Frankfurter Str. 46 35037 Marburg Tel. 06421-22606 E-Mail an Kreisverband</p>
