{"id":70,"date":"2026-02-04T19:33:55","date_gmt":"2026-02-04T18:33:55","guid":{"rendered":"https:\/\/gruene-hinterland.de\/?page_id=70"},"modified":"2026-02-07T12:03:58","modified_gmt":"2026-02-07T11:03:58","slug":"kommunalwahl-2026","status":"publish","type":"page","link":"https:\/\/gruene-hinterland.de\/?page_id=70","title":{"rendered":"Kommunalwahl 2026"},"content":{"rendered":"<div id=\"pl-70\"  class=\"panel-layout\" ><div id=\"pg-70-0\"  class=\"panel-grid panel-no-style\" ><div id=\"pgc-70-0-0\"  class=\"panel-grid-cell\" ><div id=\"panel-70-0-0-0\" class=\"so-panel widget widget_sow-editor panel-first-child panel-last-child\" data-index=\"0\" ><div\n\t\t\t\n\t\t\tclass=\"so-widget-sow-editor so-widget-sow-editor-base\"\n\t\t\t\n\t\t>\n<div class=\"siteorigin-widget-tinymce textwidget\">\n\t<h2>Unsere Kandidierenden aus dem Hinterland f\u00fcr den Kreistag<\/h2>\n<\/div>\n<\/div><\/div><\/div><\/div><div id=\"pg-70-1\"  class=\"panel-grid panel-no-style\" ><div id=\"pgc-70-1-0\"  class=\"panel-grid-cell panel-grid-cell-empty\" ><\/div><div id=\"pgc-70-1-1\"  class=\"panel-grid-cell panel-grid-cell-mobile-last\" ><div id=\"panel-70-1-1-0\" class=\"so-panel widget widget_sow-video panel-first-child panel-last-child\" data-index=\"1\" ><div\n\t\t\t\n\t\t\tclass=\"so-widget-sow-video so-widget-sow-video-default-f379b959fc93-70\"\n\t\t\t\n\t\t>\n<div class=\"sow-video-wrapper\n\">\n\t\t\t<video\n\t\t\tid=\"sow-player-1\" class=\"sow-video-widget\" preload=\"auto\" style=\"width:100%;height:100%;\" controls \t\t>\n\t\t\t\t\t\t\t<source type=\"video\/mp4\" src=\"https:\/\/gruene-hinterland.de\/wp-content\/uploads\/2026\/02\/SaskiaundBruno.mp4\"\/>\n\t\t\t\t\t<\/video>\n\t<\/div>\n<\/div><\/div><\/div><div id=\"pgc-70-1-2\"  class=\"panel-grid-cell panel-grid-cell-empty\" ><\/div><\/div><div id=\"pg-70-2\"  class=\"panel-grid panel-no-style\" ><div id=\"pgc-70-2-0\"  class=\"panel-grid-cell\" ><div id=\"panel-70-2-0-0\" class=\"so-panel widget widget_sow-editor panel-first-child panel-last-child\" data-index=\"2\" ><div\n\t\t\t\n\t\t\tclass=\"so-widget-sow-editor so-widget-sow-editor-base\"\n\t\t\t\n\t\t>\n<div class=\"siteorigin-widget-tinymce textwidget\">\n\t<h5>Bruno Molinaro<\/h5>\n<p>Listenplatz 14<br \/>\n19 Jahre, Sch\u00fcler, Wohnort Breidenbach-Oberdieten<\/p>\n<p>Ich kandidiere f\u00fcr sanierte Schulen, f\u00fcr eine verl\u00e4ssliche Mobilit\u00e4t auch ohne Auto und ein<br \/>\nsoziales und tolerantes Hinterland. F\u00fcr mich geh\u00f6ren die Gr\u00fcnen genauso ins Hinterland wie<br \/>\nnach Marburg.<\/p>\n<p>Politisches Engagement \/ Ehrenamt:<\/p>\n<p style=\"padding-left: 40px;\">Schriftf\u00fchrer im Verein hinterland on stage e. V.<br \/>\nKinder- und Jugendarbeit ejuBIG (Evangelische Jugend im Dekanat Biedenkopf-Gladenbach)<br \/>\nBeisitzer im Vorstand der EJVD (Evangelische Jugendvertretung im Dekanat Biedenkopf-Gladenbach)<\/p>\n<p>So erreichen Sie Bruno:<br \/>\n<a href=\"#\" data-unscramble=\"ed.dnalretnih-eneurg@oranilom.onurb\">E-Mail an Bruno Molinaro<\/a><\/p>\n<p>&nbsp;<\/p>\n<h5>Saskia Weigel<\/h5>\n<p>Listenplatz 52<br \/>\n42 Jahre, Aushilfe, Wohnort Steffenberg-Niederh\u00f6rlen<\/p>\n<p>Ich m\u00f6chte das Hinterland fit f\u00fcr die Zukunft machen \u2013 widerstandsf\u00e4hig gegen den Klimawandel und sozial f\u00fcr alle. Natur- und Tierschutz liegen mir besonders am Herzen. Meine Kandidatur motiviert sich aus meinem Interesse an Umweltschutz, sozialer Politik, guter Bildung und einer toleranten Gesellschaft. Ich m\u00f6chte Menschen f\u00fcr die Demokratie und die Politik vor Ort begeistern.<br \/>\nInvestitionen in Kitas, Schulen und den \u00f6ffentlichen Nahverkehr halte ich f\u00fcr zwingend notwendig.<\/p>\n<p>Politisches Engagement \/ Ehrenamt:<\/p>\n<p style=\"padding-left: 40px;\">Sprecherin Gr\u00fcne Regionalgruppe Hinterland<br \/>\nVVN-BdA<br \/>\nDorfverein Niederh\u00f6rlen<\/p>\n<p>So erreichen Sie Saskia:<br \/>\n<a href=\"#\" data-unscramble=\"ed.dnalretnih-eneurg@legiew.aiksas\">E-Mail an Saskia Weigel<\/a><\/p>\n<\/div>\n<\/div><\/div><\/div><\/div><div id=\"pg-70-3\"  class=\"panel-grid panel-no-style\" ><div id=\"pgc-70-3-0\"  class=\"panel-grid-cell panel-grid-cell-empty\" ><\/div><\/div><\/div>","protected":false},"excerpt":{"rendered":"<p>Unsere Kandidierenden aus dem Hinterland f\u00fcr den Kreistag<\/p>\n","protected":false},"author":2,"featured_media":0,"parent":0,"menu_order":0,"comment_status":"closed","ping_status":"closed","template":"","meta":{"footnotes":""},"class_list":["post-70","page","type-page","status-publish","hentry"],"_links":{"self":[{"href":"https:\/\/gruene-hinterland.de\/index.php?rest_route=\/wp\/v2\/pages\/70","targetHints":{"allow":["GET"]}}],"collection":[{"href":"https:\/\/gruene-hinterland.de\/index.php?rest_route=\/wp\/v2\/pages"}],"about":[{"href":"https:\/\/gruene-hinterland.de\/index.php?rest_route=\/wp\/v2\/types\/page"}],"author":[{"embeddable":true,"href":"https:\/\/gruene-hinterland.de\/index.php?rest_route=\/wp\/v2\/users\/2"}],"replies":[{"embeddable":true,"href":"https:\/\/gruene-hinterland.de\/index.php?rest_route=%2Fwp%2Fv2%2Fcomments&post=70"}],"version-history":[{"count":10,"href":"https:\/\/gruene-hinterland.de\/index.php?rest_route=\/wp\/v2\/pages\/70\/revisions"}],"predecessor-version":[{"id":124,"href":"https:\/\/gruene-hinterland.de\/index.php?rest_route=\/wp\/v2\/pages\/70\/revisions\/124"}],"wp:attachment":[{"href":"https:\/\/gruene-hinterland.de\/index.php?rest_route=%2Fwp%2Fv2%2Fmedia&parent=70"}],"curies":[{"name":"wp","href":"https:\/\/api.w.org\/{rel}","templated":true}]}}

<div id="pl-70"  class="panel-layout" ><div id="pg-70-0"  class="panel-grid panel-no-style" ><div id="pgc-70-0-0"  class="panel-grid-cell" ><div id="panel-70-0-0-0" class="so-panel widget widget_sow-editor panel-first-child panel-last-child" data-index="0" ><div
			
			class="so-widget-sow-editor so-widget-sow-editor-base"
			
		>
<div class="siteorigin-widget-tinymce textwidget">
	<h2>Unsere Kandidierenden aus dem Hinterland für den Kreistag</h2>
</div>
</div></div></div></div><div id="pg-70-1"  class="panel-grid panel-no-style" ><div id="pgc-70-1-0"  class="panel-grid-cell panel-grid-cell-empty" ></div><div id="pgc-70-1-1"  class="panel-grid-cell panel-grid-cell-mobile-last" ><div id="panel-70-1-1-0" class="so-panel widget widget_sow-video panel-first-child panel-last-child" data-index="1" ><div
			
			class="so-widget-sow-video so-widget-sow-video-default-f379b959fc93-70"
			
		>
<div class="sow-video-wrapper
">
			<video
			id="sow-player-1" class="sow-video-widget" preload="auto" style="width:100%;height:100%;" controls 		>
							<source type="video/mp4" src="https://gruene-hinterland.de/wp-content/uploads/2026/02/SaskiaundBruno.mp4"/>
					</video>
	</div>
</div></div></div><div id="pgc-70-1-2"  class="panel-grid-cell panel-grid-cell-empty" ></div></div><div id="pg-70-2"  class="panel-grid panel-no-style" ><div id="pgc-70-2-0"  class="panel-grid-cell" ><div id="panel-70-2-0-0" class="so-panel widget widget_sow-editor panel-first-child panel-last-child" data-index="2" ><div
			
			class="so-widget-sow-editor so-widget-sow-editor-base"
			
		>
<div class="siteorigin-widget-tinymce textwidget">
	<h5>Bruno Molinaro</h5>
<p>Listenplatz 14<br />
19 Jahre, Schüler, Wohnort Breidenbach-Oberdieten</p>
<p>Ich kandidiere für sanierte Schulen, für eine verlässliche Mobilität auch ohne Auto und ein<br />
soziales und tolerantes Hinterland. Für mich gehören die Grünen genauso ins Hinterland wie<br />
nach Marburg.</p>
<p>Politisches Engagement / Ehrenamt:</p>
<p style="padding-left: 40px;">Schriftführer im Verein hinterland on stage e. V.<br />
Kinder- und Jugendarbeit ejuBIG (Evangelische Jugend im Dekanat Biedenkopf-Gladenbach)<br />
Beisitzer im Vorstand der EJVD (Evangelische Jugendvertretung im Dekanat Biedenkopf-Gladenbach)</p>
<p>So erreichen Sie Bruno:<br />
<a href="#" data-unscramble="ed.dnalretnih-eneurg@oranilom.onurb">E-Mail an Bruno Molinaro</a></p>
<p>&nbsp;</p>
<h5>Saskia Weigel</h5>
<p>Listenplatz 52<br />
42 Jahre, Aushilfe, Wohnort Steffenberg-Niederhörlen</p>
<p>Ich möchte das Hinterland fit für die Zukunft machen – widerstandsfähig gegen den Klimawandel und sozial für alle. Natur- und Tierschutz liegen mir besonders am Herzen. Meine Kandidatur motiviert sich aus meinem Interesse an Umweltschutz, sozialer Politik, guter Bildung und einer toleranten Gesellschaft. Ich möchte Menschen für die Demokratie und die Politik vor Ort begeistern.<br />
Investitionen in Kitas, Schulen und den öffentlichen Nahverkehr halte ich für zwingend notwendig.</p>
<p>Politisches Engagement / Ehrenamt:</p>
<p style="padding-left: 40px;">Sprecherin Grüne Regionalgruppe Hinterland<br />
VVN-BdA<br />
Dorfverein Niederhörlen</p>
<p>So erreichen Sie Saskia:<br />
<a href="#" data-unscramble="ed.dnalretnih-eneurg@legiew.aiksas">E-Mail an Saskia Weigel</a></p>
</div>
</div></div></div></div><div id="pg-70-3"  class="panel-grid panel-no-style" ><div id="pgc-70-3-0"  class="panel-grid-cell panel-grid-cell-empty" ></div></div></div>

<p>Unsere Kandidierenden aus dem Hinterland für den Kreistag</p>
